{"id":6986,"date":"2022-03-10T12:24:42","date_gmt":"2022-03-10T10:24:42","guid":{"rendered":"https:\/\/civicspace.eu\/?post_type=belgeler&#038;p=6986"},"modified":"2025-03-13T17:19:03","modified_gmt":"2025-03-13T15:19:03","slug":"toplumsal-cinsiyetin-ana-akimlastirilmasi-kilavuzu","status":"publish","type":"belgeler","link":"https:\/\/civicspace.eu\/en\/belgeler\/toplumsal-cinsiyetin-ana-akimlastirilmasi-kilavuzu\/","title":{"rendered":"Gender Mainstreaming Guideline"},"content":{"rendered":"<p>This Gender Mainstreaming Guideline is produced by the Civic Space Technical Assistance Project funded by the European Union. One of the Civic Space Project aims is to strengthen the capacities of CSOs and support them in adopting a rights-based approach to advocate for democratic changes, confidence-building measures, and a more enabling environment for civil society.<\/p>","protected":false},"excerpt":{"rendered":"<p>\u201cToplumsal Cinsiyet Ana Ak\u0131mla\u015ft\u0131rma K\u0131lavuzu\u201d, Sivil Alan Projesi kapsam\u0131nda haz\u0131rlanm\u0131\u015f bir belgedir. Bu rapor tematik ortak konulara ili\u015fkin k\u0131lavuzlar\u0131n bir par\u00e7as\u0131d\u0131r. K\u0131lavuz, ST\u00d6&#8217;lerin LGBT\u0130+ haklar\u0131 da dahil olmak \u00fczere toplumsal&hellip;<\/p>","protected":false},"featured_media":6987,"template":"","meta":{"_acf_changed":false,"footnotes":""},"ana_kategori":[142],"belge_kategorisi":[97,96],"belge_tipi":[],"belge_dili":[152,151],"class_list":["post-6986","belgeler","type-belgeler","status-publish","has-post-thumbnail","hentry","ana_kategori-sivil-alan-yayinlari","belge_kategorisi-insan-haklari","belge_kategorisi-toplumsal-cinsiyet","belge_dili-english","belge_dili-turkce"],"acf":[],"_links":{"self":[{"href":"https:\/\/civicspace.eu\/en\/wp-json\/wp\/v2\/belgeler\/6986","targetHints":{"allow":["GET"]}}],"collection":[{"href":"https:\/\/civicspace.eu\/en\/wp-json\/wp\/v2\/belgeler"}],"about":[{"href":"https:\/\/civicspace.eu\/en\/wp-json\/wp\/v2\/types\/belgeler"}],"version-history":[{"count":17,"href":"https:\/\/civicspace.eu\/en\/wp-json\/wp\/v2\/belgeler\/6986\/revisions"}],"predecessor-version":[{"id":11127,"href":"https:\/\/civicspace.eu\/en\/wp-json\/wp\/v2\/belgeler\/6986\/revisions\/11127"}],"wp:featuredmedia":[{"embeddable":true,"href":"https:\/\/civicspace.eu\/en\/wp-json\/wp\/v2\/media\/6987"}],"wp:attachment":[{"href":"https:\/\/civicspace.eu\/en\/wp-json\/wp\/v2\/media?parent=6986"}],"wp:term":[{"taxonomy":"ana_kategori","embeddable":true,"href":"https:\/\/civicspace.eu\/en\/wp-json\/wp\/v2\/ana_kategori?post=6986"},{"taxonomy":"belge_kategorisi","embeddable":true,"href":"https:\/\/civicspace.eu\/en\/wp-json\/wp\/v2\/belge_kategorisi?post=6986"},{"taxonomy":"belge_tipi","embeddable":true,"href":"https:\/\/civicspace.eu\/en\/wp-json\/wp\/v2\/belge_tipi?post=6986"},{"taxonomy":"belge_dili","embeddable":true,"href":"https:\/\/civicspace.eu\/en\/wp-json\/wp\/v2\/belge_dili?post=6986"}],"curies":[{"name":"wp","href":"https:\/\/api.w.org\/{rel}","templated":true}]}}

<p>“Toplumsal Cinsiyet Ana Akımlaştırma Kılavuzu”, Sivil Alan Projesi kapsamında hazırlanmış bir belgedir. Bu rapor tematik ortak konulara ilişkin kılavuzların bir parçasıdır. Kılavuz, STÖ&#8217;lerin LGBTİ+ hakları da dahil olmak üzere toplumsal&hellip;</p>
