{"id":12183,"date":"2025-11-27T16:58:39","date_gmt":"2025-11-27T14:58:39","guid":{"rendered":"https:\/\/civicspace.eu\/?post_type=belgeler&#038;p=12183"},"modified":"2025-11-27T16:58:40","modified_gmt":"2025-11-27T14:58:40","slug":"hak-temelli-yaklasim-egitim-modulleri-yonerge","status":"publish","type":"belgeler","link":"https:\/\/civicspace.eu\/gr\/belgeler\/hak-temelli-yaklasim-egitim-modulleri-yonerge\/","title":{"rendered":"Hak Temelli Yakla\u015f\u0131m E\u011fitim Mod\u00fclleri Y\u00f6nerge"},"content":{"rendered":"","protected":false},"excerpt":{"rendered":"","protected":false},"featured_media":12187,"template":"","meta":{"_acf_changed":false,"footnotes":""},"ana_kategori":[142],"belge_kategorisi":[198],"belge_tipi":[],"belge_dili":[151],"class_list":["post-12183","belgeler","type-belgeler","status-publish","has-post-thumbnail","hentry","ana_kategori-sivil-alan-yayinlari","belge_kategorisi-sivil-toplum-forumu-raporlari","belge_dili-turkce"],"acf":[],"_links":{"self":[{"href":"https:\/\/civicspace.eu\/gr\/wp-json\/wp\/v2\/belgeler\/12183","targetHints":{"allow":["GET"]}}],"collection":[{"href":"https:\/\/civicspace.eu\/gr\/wp-json\/wp\/v2\/belgeler"}],"about":[{"href":"https:\/\/civicspace.eu\/gr\/wp-json\/wp\/v2\/types\/belgeler"}],"version-history":[{"count":2,"href":"https:\/\/civicspace.eu\/gr\/wp-json\/wp\/v2\/belgeler\/12183\/revisions"}],"predecessor-version":[{"id":12188,"href":"https:\/\/civicspace.eu\/gr\/wp-json\/wp\/v2\/belgeler\/12183\/revisions\/12188"}],"wp:featuredmedia":[{"embeddable":true,"href":"https:\/\/civicspace.eu\/gr\/wp-json\/wp\/v2\/media\/12187"}],"wp:attachment":[{"href":"https:\/\/civicspace.eu\/gr\/wp-json\/wp\/v2\/media?parent=12183"}],"wp:term":[{"taxonomy":"ana_kategori","embeddable":true,"href":"https:\/\/civicspace.eu\/gr\/wp-json\/wp\/v2\/ana_kategori?post=12183"},{"taxonomy":"belge_kategorisi","embeddable":true,"href":"https:\/\/civicspace.eu\/gr\/wp-json\/wp\/v2\/belge_kategorisi?post=12183"},{"taxonomy":"belge_tipi","embeddable":true,"href":"https:\/\/civicspace.eu\/gr\/wp-json\/wp\/v2\/belge_tipi?post=12183"},{"taxonomy":"belge_dili","embeddable":true,"href":"https:\/\/civicspace.eu\/gr\/wp-json\/wp\/v2\/belge_dili?post=12183"}],"curies":[{"name":"wp","href":"https:\/\/api.w.org\/{rel}","templated":true}]}}

Hak Temelli Yaklaşım Eğitim Modülleri Yönerge
