{"id":8379,"date":"2023-03-03T11:53:19","date_gmt":"2023-03-03T09:53:19","guid":{"rendered":"https:\/\/civicspace.eu\/?post_type=belgeler&#038;p=8379"},"modified":"2023-03-03T11:53:21","modified_gmt":"2023-03-03T09:53:21","slug":"stklarin-bagis-toplama-faaliyetleri-yasal-mevzuat-acisindan-uluslararasi-standartlar","status":"publish","type":"belgeler","link":"https:\/\/civicspace.eu\/gr\/belgeler\/stklarin-bagis-toplama-faaliyetleri-yasal-mevzuat-acisindan-uluslararasi-standartlar\/","title":{"rendered":"STK\u2019lar\u0131n Ba\u011f\u0131\u015f Toplama Faaliyetleri: Yasal Mevzuat A\u00e7\u0131s\u0131ndan Uluslararas\u0131 Standartlar"},"content":{"rendered":"","protected":false},"excerpt":{"rendered":"","protected":false},"featured_media":8380,"template":"","meta":{"_acf_changed":false,"footnotes":""},"ana_kategori":[156],"belge_kategorisi":[93],"belge_tipi":[],"belge_dili":[151],"class_list":["post-8379","belgeler","type-belgeler","status-publish","has-post-thumbnail","hentry","ana_kategori-degerli-kaynaklar","belge_kategorisi-elverisli-ortam","belge_dili-turkce"],"acf":[],"_links":{"self":[{"href":"https:\/\/civicspace.eu\/gr\/wp-json\/wp\/v2\/belgeler\/8379","targetHints":{"allow":["GET"]}}],"collection":[{"href":"https:\/\/civicspace.eu\/gr\/wp-json\/wp\/v2\/belgeler"}],"about":[{"href":"https:\/\/civicspace.eu\/gr\/wp-json\/wp\/v2\/types\/belgeler"}],"version-history":[{"count":2,"href":"https:\/\/civicspace.eu\/gr\/wp-json\/wp\/v2\/belgeler\/8379\/revisions"}],"predecessor-version":[{"id":8385,"href":"https:\/\/civicspace.eu\/gr\/wp-json\/wp\/v2\/belgeler\/8379\/revisions\/8385"}],"wp:featuredmedia":[{"embeddable":true,"href":"https:\/\/civicspace.eu\/gr\/wp-json\/wp\/v2\/media\/8380"}],"wp:attachment":[{"href":"https:\/\/civicspace.eu\/gr\/wp-json\/wp\/v2\/media?parent=8379"}],"wp:term":[{"taxonomy":"ana_kategori","embeddable":true,"href":"https:\/\/civicspace.eu\/gr\/wp-json\/wp\/v2\/ana_kategori?post=8379"},{"taxonomy":"belge_kategorisi","embeddable":true,"href":"https:\/\/civicspace.eu\/gr\/wp-json\/wp\/v2\/belge_kategorisi?post=8379"},{"taxonomy":"belge_tipi","embeddable":true,"href":"https:\/\/civicspace.eu\/gr\/wp-json\/wp\/v2\/belge_tipi?post=8379"},{"taxonomy":"belge_dili","embeddable":true,"href":"https:\/\/civicspace.eu\/gr\/wp-json\/wp\/v2\/belge_dili?post=8379"}],"curies":[{"name":"wp","href":"https:\/\/api.w.org\/{rel}","templated":true}]}}

STK’ların Bağış Toplama Faaliyetleri: Yasal Mevzuat Açısından Uluslararası Standartlar
